{"id":1191,"date":"2024-05-22T12:03:20","date_gmt":"2024-05-22T10:03:20","guid":{"rendered":"https:\/\/my-secret-garden.fr\/test\/\/?page_id=1191"},"modified":"2024-08-07T15:12:51","modified_gmt":"2024-08-07T13:12:51","slug":"remerciements","status":"publish","type":"page","link":"https:\/\/my-secret-garden.fr\/test\/remerciements\/","title":{"rendered":"Remerciements"},"content":{"rendered":"<h2 style=\"text-align: center;\"><span style=\"color: #a66565;\">Bonjour \u00e0 toutes et \u00e0 tous,\u00a0<\/span><\/h2>\n<p>&nbsp;<\/p>\n<p style=\"text-align: center;\"><span style=\"color: #999999;\">Ce soir, je cr\u00e9e cette page afin de remercier chaque personne m&rsquo;ayant soutenue de mes d\u00e9buts jusqu&rsquo;\u00e0 aujourd&rsquo;hui ainsi que toutes les celles qui me soutiendront \u00e0 l&rsquo;avenir.<\/span><\/p>\n<p style=\"text-align: center;\"><span style=\"color: #999999;\">Parce que c&rsquo;est gr\u00e2ce \u00e0 vos encouragements que j&rsquo;avance, donnant le meilleur de moi-m\u00eame afin de vous offrir toujours davantage de belles aventures \u00e0 d\u00e9couvrir et vivre, j&rsquo;ai \u00e9prouv\u00e9 l&rsquo;envie de vous remercier de cette fa\u00e7on pour ne jamais oublier ce que vous m&rsquo;avez apport\u00e9s tout au long de ce chemin.<\/span><\/p>\n<p style=\"text-align: center;\"><span style=\"color: #999999;\">Parce que vous nous rendez meilleurs, mes \u00e9crits et moi, en nous soutenant de par vos commentaires sur les diff\u00e9rentes plateformes de publication telles que Watppad, L&rsquo;atelier des Auteurs et l&rsquo;ancien site qui a \u00e9t\u00e9 remplac\u00e9 par celui-ci. Par vos \u00ab\u00a0j&rsquo;aime\u00a0\u00bb que vous offrez \u00e0 la suite de la lecture d&rsquo;un chapitre pour me montrer que vous l&rsquo;avez aim\u00e9. Par le fait que vous vous abonniez \u00e0 moi, dans le but de me suivre. Je tiens \u00e0 vous pr\u00e9senter mes sinc\u00e8res remerciements.<\/span><\/p>\n<p style=\"text-align: center;\"><span style=\"color: #999999;\">Sachez que vous me donnez la motivation et l&rsquo;inspiration pour poursuivre ses diff\u00e9rents voyages que nous partageons ensemble, \u00e0 travers mes \u00e9crits. J&rsquo;essaierai de ne jamais vous d\u00e9cevoir.<\/span><\/p>\n<p>&nbsp;<\/p>\n<h4 style=\"text-align: center;\"><span style=\"color: #a66565;\"><strong>Je vous remercie de tout c\u0153ur de croire en moi et de rester \u00e0 mes c\u00f4t\u00e9s.<\/strong><\/span><\/h4>\n<p>&nbsp;<\/p>\n<p style=\"text-align: center;\"><span style=\"color: #a66565;\"><strong>Raphael<span style=\"color: #999999;\">,<\/span> Maitre R<span style=\"color: #999999;\">,<\/span> Wizii<\/strong><\/span>,<\/p>\n<p>&nbsp;<\/p>\n<p style=\"text-align: center;\"><span style=\"color: #999999;\">Vous avez \u00e9t\u00e9 tous les trois, mes trois premiers lecteurs \u00e0 m&rsquo;avoir suivi et encourag\u00e9 d\u00e8s le d\u00e9but des publications. Merci \u00e0 vous d&rsquo;avoir cru en moi, m\u00eame quand j&rsquo;ai cess\u00e9 d&rsquo;\u00e9crire durant un temps. Je vous dois tellement.<\/span><\/p>\n<p style=\"text-align: center;\"><span style=\"color: #999999;\">Raphael, Merci \u00e0 toi qui me lis et me donne ton impression \u00e0 chaque fois que je finis un chapitre. Je te remercie de me motiver chaque jour en me r\u00e9clamant la suite du roman que tu pr\u00e9f\u00e8res, en me lisant, en m&rsquo;aidant \u00e0 chaque blocage que je croise. Tu es celui qui m&rsquo;inspire, me motive, m&rsquo;encourage au-del\u00e0 de tout.<\/span><\/p>\n<p>&nbsp;<\/p>\n<h3 style=\"text-align: center;\"><span style=\"color: #a66565;\"><strong>Mes abonn\u00e9s sur L&rsquo;atelier des Auteurs,<\/strong><\/span><\/h3>\n<p>&nbsp;<\/p>\n<p style=\"text-align: center;\"><span style=\"color: #a66565;\"><span style=\"color: #999999;\">Adamo Abdou,<\/span> Aeternam, <span style=\"color: #999999;\">Alex Ballantines,<\/span> Anaid Retinperac, <span style=\"color: #999999;\">Archeros,<\/span> Atiscript, <\/span><\/p>\n<p style=\"text-align: center;\"><span style=\"color: #a66565;\"><span style=\"color: #000000;\"><span style=\"color: #999999;\">Book.Make.R Le Bienveillant,<\/span><\/span> Calipso01, <span style=\"color: #999999;\">Charmante,<\/span> Chiworl, <span style=\"color: #999999;\">Chris Collins,<\/span> CloCloK2000, <\/span><\/p>\n<p style=\"text-align: center;\"><span style=\"color: #a66565;\"><span style=\"color: #999999;\">Conteur_Idaky,<\/span> Doumbia, <span style=\"color: #999999;\">Emilio De S\u00e8la, <\/span>FanniBln, <span style=\"color: #999999;\">Fred Larsen,<\/span> Gabiboune, <span style=\"color: #999999;\">Gortell, <\/span>Jacques Zeffyr, <\/span><\/p>\n<p style=\"text-align: center;\"><span style=\"color: #a66565;\"><span style=\"color: #999999;\">Kahina KT,<\/span> Katerina K, <span style=\"color: #999999;\">LaSansNom,<\/span> Lou Theron, <span style=\"color: #999999;\">Louan Cage,<\/span> Lo\u00efc Chapelle, <\/span><\/p>\n<p style=\"text-align: center;\"><span style=\"color: #a66565;\"><span style=\"color: #999999;\">MarinaNicole74,<\/span> Melanie Laurent, <span style=\"color: #999999;\">Mindset,<\/span> Nott, <span style=\"color: #999999;\">Or&amp;Li,<\/span> Plume Piment\u00e9e, <span style=\"color: #999999;\">Princesse40,<\/span> <\/span><\/p>\n<p style=\"text-align: center;\"><span style=\"color: #a66565;\">R\u00e9sident 34, <span style=\"color: #999999;\">Solo_x,<\/span> Sys38, <span style=\"color: #999999;\">Tictac9, <\/span>Viviane de Blackwood, <span style=\"color: #999999;\">Xana1234,<\/span> Yasmina Sheller, <\/span><\/p>\n<p style=\"text-align: center;\"><span style=\"color: #a66565;\"><span style=\"color: #999999;\">_it&rsquo;sss.me,<\/span> Caminou03, <span style=\"color: #000000;\"><span style=\"color: #999999;\">Cornelie<\/span>,<\/span> Grostimido, <span style=\"color: #999999;\">Haikuolala,<\/span> Kingaa_words, <span style=\"color: #999999;\">Korsairo,<\/span> <\/span><\/p>\n<p style=\"text-align: center;\"><span style=\"color: #a66565;\">Kristof15732, <span style=\"color: #999999;\">Lecossais,<\/span> Slb, <span style=\"color: #999999;\">Titidark,<\/span> Trallet, <span style=\"color: #999999;\">Vinlafrance,<\/span> Elisa Hamelin, <span style=\"color: #999999;\">Emilie Pommateau,<\/span> <\/span><\/p>\n<p style=\"text-align: center;\"><span style=\"color: #a66565;\">Lana,\u00a0<\/span><\/p>\n<p style=\"text-align: center;\"><span style=\"color: #999999;\">Merci \u00e0 vous de m&rsquo;avoir lu, corrig\u00e9, encourag\u00e9s, je ne vous remercierais jamais assez.<\/span><\/p>\n<p>&nbsp;<\/p>\n<h3 style=\"text-align: center;\"><span style=\"color: #a66565;\">Mes abonn\u00e9s sur Watppad,<\/span><\/h3>\n<p>&nbsp;<\/p>\n<p style=\"text-align: center;\"><span style=\"color: #a66565;\"><span style=\"color: #999999;\">Orianetrinell,<\/span> Loiissa56, <span style=\"color: #999999;\">Y6249qrhj2privaterel,<\/span> Maxou69678, <span style=\"color: #999999;\">KettyaJean,<\/span> Dmnant, <\/span><\/p>\n<p style=\"text-align: center;\"><span style=\"color: #a66565;\"><span style=\"color: #999999;\">VoilMysterieuse,<\/span> Nadia2197073, <span style=\"color: #999999;\">Babwolf,<\/span> LV_476, <span style=\"color: #999999;\">Girl69,<\/span> _Noah_anonyme_, <span style=\"color: #999999;\">Kazu_le_bananier,<\/span> <\/span><\/p>\n<p style=\"text-align: center;\"><span style=\"color: #a66565;\">TarikAd, <span style=\"color: #999999;\">Samoona14,<\/span> Adrianaa13s, <span style=\"color: #999999;\">dominant_chienne,<\/span> MercielBawingi, <span style=\"color: #999999;\">KaidiMaga,<\/span> <\/span><\/p>\n<p style=\"text-align: center;\"><span style=\"color: #a66565;\">Lolabutera, <span style=\"color: #999999;\">BleueGirl1146,<\/span> NANINANISHKA, <span style=\"color: #999999;\">Maitrefab,<\/span> Darelium, <span style=\"color: #999999;\">Rosieroserouge,<\/span> B-lasheas, <\/span><\/p>\n<p style=\"text-align: center;\"><span style=\"color: #a66565;\"><span style=\"color: #999999;\">MyriamDosreis,<\/span> Tokiohotelm2001, <span style=\"color: #999999;\">Mumu51000,<\/span> 25V02E16, <span style=\"color: #999999;\">Lucie110893,<\/span> Mmmyymy, <\/span><\/p>\n<p style=\"text-align: center;\"><span style=\"color: #a66565;\"><span style=\"color: #999999;\">Gamezzyt,<\/span> Soumise_et_chienne, <span style=\"color: #999999;\">MFIA_constance,<\/span> Midnight0064, <span style=\"color: #999999;\">JulieProteau,<\/span> Ameria09987, <\/span><\/p>\n<p style=\"text-align: center;\"><span style=\"color: #a66565;\"><span style=\"color: #999999;\">Da97294,<\/span> -Luxia-, <span style=\"color: #999999;\">Leanngmc,<\/span> Albane_odt, <span style=\"color: #999999;\">PLnumeriqueNumerique,<\/span> LouBoucle, <span style=\"color: #999999;\">Stehutoe,<\/span> <\/span><\/p>\n<p style=\"text-align: center;\"><span style=\"color: #a66565;\">Lifcnopat, <span style=\"color: #999999;\">Book1lov,<\/span> Madeleinegomis9, <span style=\"color: #999999;\">Paul773,<\/span> Ca_tha_rsis, <span style=\"color: #999999;\">A_labombonne,<\/span> JulesMichel1, <\/span><\/p>\n<p style=\"text-align: center;\"><span style=\"color: #a66565;\"><span style=\"color: #999999;\">Inlyviesy6,<\/span> DoveMalefoy20, <span style=\"color: #999999;\">ModestineESSOLABA,<\/span> InoAruno, <span style=\"color: #999999;\">Lasagne27,<\/span> Annie13chouji, <\/span><\/p>\n<p style=\"text-align: center;\"><span style=\"color: #a66565;\"><span style=\"color: #999999;\">SaoudataBalde,<\/span> DianaALVARADE0, <span style=\"color: #999999;\">Carmenvillalobo,<\/span> Tsuugumii, <span style=\"color: #999999;\">CamilleGouillard,<\/span> <\/span><\/p>\n<p style=\"text-align: center;\"><span style=\"color: #a66565;\">Lee_Soojin16, <span style=\"color: #999999;\">Yara_ymn,<\/span> Gmpjgarden, <span style=\"color: #999999;\">Hgp_edit,<\/span> Manonllmp, <span style=\"color: #999999;\">BiancaLinndor,<\/span> Kikiducoin, <\/span><\/p>\n<p style=\"text-align: center;\"><span style=\"color: #a66565;\"><span style=\"color: #999999;\">Erodia2010,<\/span> Segodehen, <span style=\"color: #999999;\">RakiaSidib,<\/span> PrincessDuuMaghreb, <span style=\"color: #999999;\">Sihnam,<\/span> 1612barnes, <span style=\"color: #999999;\">ClaraDuissot,<\/span> <\/span><\/p>\n<p style=\"text-align: center;\"><span style=\"color: #a66565;\">Rubi052020, <span style=\"color: #999999;\">LawvrenceDemers,<\/span> Tatinetaline22, <span style=\"color: #999999;\">L1l2l0,<\/span> KellyLEMASK, <span style=\"color: #999999;\">ForEveryQ,<\/span> <\/span><\/p>\n<p style=\"text-align: center;\"><span style=\"color: #a66565;\">Ninaguelma24, <span style=\"color: #999999;\">Mlle_Letone,<\/span> Rainbow_Butterfly243, <span style=\"color: #999999;\">MarylouVanGucht,<\/span> Ssxra29, <\/span><\/p>\n<p style=\"text-align: center;\"><span style=\"color: #a66565;\"><span style=\"color: #999999;\">AwaMbaye838427,<\/span> Robiinho5416, <span style=\"color: #999999;\">Fumickage,<\/span> MarionLehericy, <span style=\"color: #999999;\">Shoto8123,<\/span> OphlieBrillant, <\/span><\/p>\n<p style=\"text-align: center;\"><span style=\"color: #a66565;\"><span style=\"color: #999999;\">Ari3a17,<\/span> Clarisseversaille, <span style=\"color: #999999;\">Omotola11,<\/span> Nana9877, <span style=\"color: #999999;\">Meghane28,<\/span> Misseines05, <span style=\"color: #999999;\">Trashiegirll,<\/span> <\/span><\/p>\n<p style=\"text-align: center;\"><span style=\"color: #a66565;\">DjenebaYalcouye1, <span style=\"color: #999999;\">Maloue180,<\/span> Arena_seven, <span style=\"color: #999999;\">EricCiusin,<\/span> CatherineNjowmbangu, <\/span><\/p>\n<p style=\"text-align: center;\"><span style=\"color: #a66565;\"><span style=\"color: #999999;\">Master999888,<\/span> Darksky02, <span style=\"color: #999999;\">Fab_lecture,<\/span> AnneQuenault, <span style=\"color: #999999;\">Nahsa16,<\/span> Sarah_2_1_2, <span style=\"color: #999999;\">TelEpHaTy-,<\/span> <\/span><\/p>\n<p style=\"text-align: center;\"><span style=\"color: #a66565;\">Ahissia, <span style=\"color: #999999;\">Linataibi,<\/span> MissPopDreams, <span style=\"color: #999999;\">RoxaneVisconti,<\/span> Maon_mhh, <span style=\"color: #999999;\">Mylene1306,<\/span> Jadebbcl, <\/span><\/p>\n<p style=\"text-align: center;\"><span style=\"color: #a66565;\"><span style=\"color: #999999;\">Hesperosienne,<\/span> Drivenight, <span style=\"color: #999999;\">Domialliot,<\/span> MelanieLaurent2,\u00a0<\/span><\/p>\n<p style=\"text-align: center;\"><span style=\"color: #999999;\">Merci \u00e0 vous pour m&rsquo;avoir lu, suivi, soutenu, ce qui m&rsquo;a donn\u00e9 une place dans le Top 3 du classement cat\u00e9gorie F\u00e9minin et Masculin durant plusieurs ann\u00e9es cons\u00e9cutifs.<\/span><\/p>\n<p>&nbsp;<\/p>\n<h3 style=\"text-align: center;\"><span style=\"color: #a66565;\"><strong>Mes abonn\u00e9s du Site actuel,\u00a0<\/strong><\/span><\/h3>\n<p>&nbsp;<\/p>\n<p style=\"text-align: center;\"><span style=\"color: #999999;\">Jade3107,<\/span> <span style=\"color: #a66565;\">Juju_02,<\/span> <span style=\"color: #999999;\">Lea_17ll,<\/span> <span style=\"color: #a66565;\">Laroserougebtsarmy, <span style=\"color: #999999;\">123456789,<\/span><\/span><\/p>\n<p style=\"text-align: center;\"><span style=\"color: #999999;\">Merci \u00e0 vous d&rsquo;avoir \u00e9t\u00e9 mes premiers abonn\u00e9s sur le site depuis sa mise en ligne. Vous n&rsquo;imaginez pas \u00e0 quel point cela me touche.<\/span><\/p>\n<p>&nbsp;<\/p>\n<p style=\"text-align: center;\"><span style=\"color: #999999;\">Au fil des semaines qui passeront, je viendrais mettre \u00e0 jour cette page afin que tous, vous apparaissiez dessus.<\/span><\/p>\n<p>&nbsp;<\/p>\n<p>&nbsp;<\/p>\n","protected":false},"excerpt":{"rendered":"<p>Bonjour \u00e0 toutes et \u00e0 tous,\u00a0 &nbsp; Ce soir, je cr\u00e9e cette page afin de remercier chaque personne m&rsquo;ayant soutenue de mes d\u00e9buts jusqu&rsquo;\u00e0 aujourd&rsquo;hui ainsi que toutes les celles qui me soutiendront \u00e0 l&rsquo;avenir. Parce que c&rsquo;est gr\u00e2ce \u00e0 vos encouragements que j&rsquo;avance, donnant le meilleur de moi-m\u00eame afin de vous offrir toujours davantage &hellip; <\/p>\n","protected":false},"author":1,"featured_media":0,"parent":0,"menu_order":0,"comment_status":"closed","ping_status":"closed","template":"","meta":{"give_campaign_id":0,"_uag_custom_page_level_css":"","jetpack_post_was_ever_published":false,"iawp_total_views":4,"footnotes":""},"class_list":["post-1191","page","type-page","status-publish","hentry"],"aioseo_notices":[],"campaignId":"","uagb_featured_image_src":{"full":false,"thumbnail":false,"medium":false,"medium_large":false,"large":false,"post-slider-thumb-size":false,"post-category-slider-size":false,"1536x1536":false,"2048x2048":false,"blossom-fashion-slider":false,"blossom-fashion-featured":false,"blossom-fashion-with-sidebar":false,"blossom-fashion-fullwidth":false,"blossom-fashion-blog-home":false,"blossom-fashion-blog-archive":false,"blossom-fashion-related":false,"blossom-fashion-popular":false,"blossom-fashion-schema":false,"blossom-fashion-shop":false,"woocommerce_thumbnail":false,"woocommerce_single":false,"woocommerce_gallery_thumbnail":false,"lws_wr_thumbnail":false,"lws_wr_thumbnail_small":false},"uagb_author_info":{"display_name":"Ange","author_link":"https:\/\/my-secret-garden.fr\/test\/author\/ange\/"},"uagb_comment_info":0,"uagb_excerpt":"Bonjour \u00e0 toutes et \u00e0 tous,\u00a0 &nbsp; Ce soir, je cr\u00e9e cette page afin de remercier chaque personne m&rsquo;ayant soutenue de mes d\u00e9buts jusqu&rsquo;\u00e0 aujourd&rsquo;hui ainsi que toutes les celles qui me soutiendront \u00e0 l&rsquo;avenir. Parce que c&rsquo;est gr\u00e2ce \u00e0 vos encouragements que j&rsquo;avance, donnant le meilleur de moi-m\u00eame afin de vous offrir toujours davantage\u2026","jetpack-related-posts":[{"id":727,"url":"https:\/\/my-secret-garden.fr\/test\/membres-vip\/","url_meta":{"origin":1191,"position":0},"title":"Membres \u00ab\u00a0Plaisirs Partag\u00e9s\u00a0\u00bb","author":"Ange","date":"30 mars 2024","format":false,"excerpt":"Bonjour et bienvenue dans l'antre des plaisirs !\u00a0 Cet espace est strictement r\u00e9serv\u00e9 aux Membres \"Plaisirs partag\u00e9s\". Parce que nous ne souhaitons pas tout partager \u00e0 la vue de tous, nous avons d\u00e9cid\u00e9 de cr\u00e9er cet espace restreint afin de partager avec certains Membres \"Plaisirs Partag\u00e9s\", nos Plaisirs Secrets. Sur\u2026","rel":"","context":"Article similaire","block_context":{"text":"Article similaire","link":""},"img":{"alt_text":"","src":"","width":0,"height":0},"classes":[]},{"id":89,"url":"https:\/\/my-secret-garden.fr\/test\/","url_meta":{"origin":1191,"position":1},"title":"The Art Of Love","author":"Ange","date":"6 mars 2024","format":false,"excerpt":"L'histoire de Secret Garden The Art Of Love Une exp\u00e9rience unique en son genre Une id\u00e9e qui a vu le jour durant l'\u00e9criture d'un roman. (Je te retrouverai, mon inconnue) \u00c0 la base, dans le roman, il s'agissait d'un site de rencontre pas comme les autres. En effet, dans celui-ci,\u2026","rel":"","context":"Article similaire","block_context":{"text":"Article similaire","link":""},"img":{"alt_text":"","src":"","width":0,"height":0},"classes":[]},{"id":3,"url":"https:\/\/my-secret-garden.fr\/test\/politique-de-confidentialite\/","url_meta":{"origin":1191,"position":2},"title":"Politique de confidentialit\u00e9","author":"Ange","date":"8 novembre 2023","format":false,"excerpt":"Politique de confidentialit\u00e9 Le site web Secret Garden est d\u00e9tenu par My secret garden, qui est un contr\u00f4leur de donn\u00e9es de vos donn\u00e9es personnelles. Nous avons adopt\u00e9 cette politique de confidentialit\u00e9, qui d\u00e9termine la mani\u00e8re dont nous traitons les informations collect\u00e9es par Secret Garden, qui fournit \u00e9galement les raisons pour\u2026","rel":"","context":"Article similaire","block_context":{"text":"Article similaire","link":""},"img":{"alt_text":"","src":"","width":0,"height":0},"classes":[]},{"id":1185,"url":"https:\/\/my-secret-garden.fr\/test\/le-don-a-echoue\/","url_meta":{"origin":1191,"position":3},"title":"Le don a \u00e9chou\u00e9","author":"Ange","date":"20 mai 2024","format":false,"excerpt":"Nous sommes d\u00e9sol\u00e9s, mais votre transaction a \u00e9chou\u00e9. Veuillez essayer \u00e0 nouveau ou contacter l\u2019assistance du site.","rel":"","context":"Article similaire","block_context":{"text":"Article similaire","link":""},"img":{"alt_text":"","src":"","width":0,"height":0},"classes":[]},{"id":789,"url":"https:\/\/my-secret-garden.fr\/test\/mentions-legales\/","url_meta":{"origin":1191,"position":4},"title":"Mentions L\u00e9gales","author":"Ange","date":"2 avril 2024","format":false,"excerpt":"Mentions L\u00e9gales \u00a0 Conform\u00e9ment aux dispositions de la loi n\u00b0 2004-575 du 21 juin 2004 pour la confiance en l'\u00e9conomie num\u00e9rique, il est pr\u00e9cis\u00e9 aux utilisateurs du site My secret garden l'identit\u00e9 des diff\u00e9rents intervenants dans le cadre de sa r\u00e9alisation et de son suivi. \u00c9dition du site : Le\u2026","rel":"","context":"Article similaire","block_context":{"text":"Article similaire","link":""},"img":{"alt_text":"","src":"","width":0,"height":0},"classes":[]}],"jetpack_sharing_enabled":true,"_links":{"self":[{"href":"https:\/\/my-secret-garden.fr\/test\/wp-json\/wp\/v2\/pages\/1191","targetHints":{"allow":["GET"]}}],"collection":[{"href":"https:\/\/my-secret-garden.fr\/test\/wp-json\/wp\/v2\/pages"}],"about":[{"href":"https:\/\/my-secret-garden.fr\/test\/wp-json\/wp\/v2\/types\/page"}],"author":[{"embeddable":true,"href":"https:\/\/my-secret-garden.fr\/test\/wp-json\/wp\/v2\/users\/1"}],"replies":[{"embeddable":true,"href":"https:\/\/my-secret-garden.fr\/test\/wp-json\/wp\/v2\/comments?post=1191"}],"version-history":[{"count":11,"href":"https:\/\/my-secret-garden.fr\/test\/wp-json\/wp\/v2\/pages\/1191\/revisions"}],"predecessor-version":[{"id":1426,"href":"https:\/\/my-secret-garden.fr\/test\/wp-json\/wp\/v2\/pages\/1191\/revisions\/1426"}],"wp:attachment":[{"href":"https:\/\/my-secret-garden.fr\/test\/wp-json\/wp\/v2\/media?parent=1191"}],"curies":[{"name":"wp","href":"https:\/\/api.w.org\/{rel}","templated":true}]}}